ctor of 48 and i?
16
Let r(y) = y**3 - 13*y**2 - 11*y + 1. Let c be r(14). What is the highest common divisor of c and 4687?
43
Suppose -110*o - 108*o = -231*o + 546. What is the greatest common divisor of o and 1491?
21
Suppose v - 15 = -2*v. Suppose -d - 3 = 0, d + 149 = -2*a + 4*a. Let i = a - 38. Calculate the highest common factor of v and i.
5
Let w = 5705 - 5699. Let g be (-1)/((-3)/2)*15. Calculate the highest common divisor of w and g.
2
Let i(f) = -35*f + 40. Let p be i(1). Suppose -524 = -4*c + 4. Let s = c - 77. Calculate the highest common divisor of s and p.
5
Suppose 4*l - 10 = 2*l. Suppose 3*a + 35 = 2*u - l, 0 = -4*u + 3*a + 68. Let j be (-12)/(-18)*(0 + 83 - -1). What is the greatest common factor of u and j?
14
Suppose -463*n = -469*n - 1458. Let w = n - -261. What is the highest common factor of 126 and w?
18
Let m be 2394/42*(-66)/(-9). Calculate the greatest common divisor of m and 44.
22
Let u(y) = -y + 130. Let c be u(20). Calculate the greatest common factor of c and 60.
10
Suppose -6417 = -29*w + 1007. Calculate the highest common factor of 272 and w.
16
Suppose -2*t + 1958 = 3*o, 32*o - 27*o - 3242 = 2*t. Calculate the greatest common divisor of 250 and o.
50
Let a be -1*14/(-7)*2. Suppose -30*v - a*u = -31*v + 85, -v - 2*u = -55. Calculate the highest common factor of 169 and v.
13
Let z(t) be the third derivative of t**6/120 - t**5/6 + 5*t**4/4 - 23*t**3/2 - 188*t**2. Let u be z(10). Calculate the greatest common divisor of 77 and u.
77
Let c(s) = s**3 + 9*s**2 - 4. Let f be c(-6). Let x be -5*(-2 + 5 + -4). Suppose 26 + f = x*r. What is the highest common divisor of 13 and r?
13
Let q = 3 - 3. Let o(k) = k + 55. Let n be o(q). Suppose 4*b - 2*u - 36 = 0, 3*u + 25 = 5*b - 18. Calculate the greatest common divisor of b and n.
11
Suppose -2*x - 3 = -9. Suppose x*n = 9*n - 36. Suppose n*z - 35 = 85. Calculate the highest common factor of z and 120.
20
Let c(x) = 9*x**3 + 8*x**2 + 10*x - 24. Let g be c(6). What is the greatest common divisor of g and 60?
12
Let g(h) = 4*h**2 + 48*h - 5. Let l be g(-13). Suppose 33*n - l*n = -1372. What is the greatest common divisor of 441 and n?
49
Suppose -30*v = -18*v + 5964. Let z = v + 503. Let f be ((-26)/(-10) + 1)*5. Calculate the highest common divisor of z and f.
6
Let q(u) = u**3 - 18*u**2 + 19*u + 66. Let s be q(17). Suppose -5*b - s = -175. Calculate the highest common factor of b and 135.
15
Suppose 0 = -48*k - 11*k + 4425. What is the highest common divisor of 5505 and k?
15
Suppose 2*v + 3*u - 1219 = 0, 13*u - 9*u = -v + 607. Suppose 11*d - v = -2*d. Let k be (-1880)/2*(-6)/15. What is the greatest common factor of k and d?
47
Let o = 903 - 583. Let t = o + -266. Calculate the greatest common factor of 18 and t.
18
Let u(n) = 38*n + 225. Let w be u(0). Calculate the greatest common factor of w and 1200.
75
Let o(a) = a**3 - 15*a**2 + 5*a + 83. Let m be o(15). What is the greatest common factor of 2923 and m?
79
Let f(o) = -6*o - 254. Let z be f(-43). Suppose x - 6 - 14 = 0. Let c = x + z. What is the greatest common factor of c and 2?
2
Suppose 15 + 21 = -4*z. Let m be 3/(27/5685) + 6/z. Suppose 3*h + 2*i - 379 = 0, 2*h + 3*i = -3*h + m. Calculate the greatest common divisor of h and 50.
25
Suppose 9*i - 10 = 4*i. Let y = -48 + 48. Let s be (-2 - i) + 79 - y/2. What is the highest common factor of s and 30?
15
Let f = 13376 - 13312. Calculate the greatest common divisor of f and 5824.
64
Let k = 611 - -58. Suppose -2*m = -r - 2*r - 439, 0 = -3*m + r + k. Calculate the highest common divisor of 14 and m.
14
Suppose 4 = -3*m + 5*m, 5*m + 1510 = 5*i. Let x be 1 + 2 + i/(32/4). Suppose -q - f + x = 4*q, -57 = -5*q + 3*f. What is the greatest common factor of q and 72?
9
Let b = -971 - -1367. Let v be (537/716)/((-2)/(-24)). What is the highest common divisor of b and v?
9
Let o be (0 + (-8)/(-6))/(118/(-40179)). Let n = -311 - o. Calculate the highest common divisor of 39 and n.
13
Let q be ((-329)/94)/(1/(-116)). Let x be (7 + q/(-42))/((-2)/288). What is the highest common divisor of 36 and x?
12
Let d(h) = -23 + 97*h - 4 - 105*h. Suppose -11*u + 16*u = -90. Let v be d(u). Calculate the greatest common factor of v and 13.
13
Let j = -30 + 88. Let t = 88 - j. Let q be (5843/(-11686))/((-3)/120). Calculate the greatest common divisor of q and t.
10
Suppose -h + 66 = -2*r, 77*h + 429 = 82*h + r. Calculate the greatest common divisor of 826 and h.
14
Let b(g) = 69*g**2 - 55*g - 1168. Let x be b(-13). Calculate the highest common factor of x and 12.
12
Suppose 12*j - 10*j - 10 = 0. Suppose 0 = -5*x - 5*o + 765 - 150, 0 = j*o + 10. Let i = -55 + x. Calculate the greatest common factor of i and 14.
14
Suppose -38*u - 40 = -43*u. What is the greatest common divisor of 292 and u?
4
Let l(k) = -226*k - 2025. Let r be l(-9). Calculate the greatest common divisor of 11 and r.
1
Let d = 603 + -604. Let h be (286/(-260))/(d/10). Calculate the greatest common divisor of h and 4.
1
Suppose -h - 4*k = -16, -h - 47*k + 22 = -46*k. Suppose 5*i + 0*y = -3*y + 354, y + 2 = 0. Calculate the highest common factor of h and i.
24
Let v(x) = 26*x + 107. Let n = -93 - -89. Let h be v(n). Calculate the highest common divisor of h and 123.
3
Let j(l) = l**3 - 2*l**2 - 78*l + 416. Let u be j(6). Calculate the greatest common divisor of u and 4.
4
Suppose -i + 403925 = 15*l, i - 53861 = 19*l - 21*l. Calculate the highest common factor of 132 and l.
132
Suppose -4*r + 20 + 5 = 3*k, 2*r - 9 = -k. Suppose k*o - 14 = 56. What is the highest common factor of o and 100?
10
Let q = -464 - -2972. What is the highest common factor of q and 190?
38
Suppose -5*d - 10 = 0, -2*b + 57 + 15 = -5*d. Let k = -42 + 445. Calculate the highest common factor of k and b.
31
Suppose 9*d - 1020 = 1221. Suppose d = 4*f - 51. Calculate the highest common divisor of 45 and f.
15
Let t be ((-4)/(-14) + (-760)/14)/((-111)/148). Calculate the highest common factor of 968 and t.
8
Let s(m) = -79. Let r(w) = 4*w + 2. Let b(z) = 5*r(z) - s(z). Let h be b(-4). What is the greatest common divisor of h and 45?
9
Suppose 4*i - 54386 = -3*c + 19966, -3*i - 3*c + 55764 = 0. What is the highest common factor of 24 and i?
12
Let h(y) be the first derivative of 8/3*y**3 + 4*y**2 - 12*y - 2 - 1/4*y**4. Let v be h(7). Calculate the greatest common divisor of 31 and v.
31
Suppose -52*m - 144*m + 17135 - 3415 = 0. What is the highest common divisor of m and 8575?
35
Suppose -3*z - 6 = -5*r, 2*z + 6 = 3*r - z. Let n = 4 - r. Let f(v) = 12*v**3 - 22*v**2 - 2*v + 8. Let a be f(2). What is the greatest common factor of n and a?
4
Let p(c) = -c**2 + 5*c + 29. Let o be p(0). Let t(g) = 2*g**2 - 57*g + 76. Let k be t(o). Calculate the greatest common factor of k and 175.
35
Suppose 3*k + 2*l - 448 = 0, -4*k + 158 + 394 = -3*l. What is the greatest common divisor of k and 69?
3
Suppose 2*m + 6 = -5*i, m - 5*m - 4*i = 0. Suppose 5*t - 28 = -s + m*t, 3*s - 3*t = 60. Calculate the highest common factor of 11 and s.
11
Let g = 80 - -112. Suppose -329 = -4*x - 3*d - 37, 5*d = 3*x - 132. Calculate the highest common divisor of x and g.
64
Suppose 4*l - v - 548 = 0, 136 = 3*l - 2*v - 270. Suppose 0 = -72*a + 70*a + l. Calculate the highest common divisor of a and 621.
69
Suppose -5*d + 1055 = -5*a, 0*d + 2*d - 4*a = 428. Suppose -71*h = w - 70*h - 61, -181 = -4*w + 3*h. What is the greatest common divisor of d and w?
52
Let h be (15722/(-5) + (-2)/(-5))*1179/(-3537). Calculate the highest common factor of h and 393.
131
Let q be 0 - (-306)/(6 + 0). What is the highest common divisor of 75 and q?
3
Suppose -5*o - 3*r + 220 + 14 = 0, 0 = 2*r + 14. Calculate the greatest common divisor of o and 4454.
17
Let n(y) = 16*y**3 - 14*y**2 + y + 1. Let q be n(2). What is the highest common factor of 75 and q?
75
Suppose 2*k - 3*m + 98 = 0, -4*k + 2*m = -k + 152. Let p be (-25)/(-4) - (-4 + k/(-16)). Calculate the greatest common divisor of p and 14.
7
Suppose 4*k - 3*x - 11603 = 12312, 0 = k + 3*x - 5975. What is the highest common factor of k and 244?
122
Suppose 11*k = -20594 + 6646. Let y be k/(-16) - (-2)/(-8). Let p = 159 - y. What is the highest common divisor of 16 and p?
16
Let h(u) = u**2 - 14*u - 2272. Let y be h(-49). What is the highest common factor of 16